 + p**2 + 1. What is the remainder when h(-8) is divided by 17?
14
Let b = 189 + -172. What is the remainder when 83 is divided by b?
15
Let f be (-1)/(-3) + 41/3. Suppose -4*r = -3*k + 5 - f, 3 = -k. Suppose 0 = -m - r + 13. What is the remainder when 37 is divided by m?
11
Let u be (-10)/15 - 4/(-6). Suppose -a - a = u. Suppose -4*c + a*n + n = -94, 0 = 5*c - n - 117. Calculate the remainder when 44 is divided by c.
21
Let u = 0 + 2. Let r = 4 - u. Suppose 3*v + 85 = r*t, t + 2*v + 207 = 6*t. Calculate the remainder when t is divided by 14.
13
Suppose 5*p - 4*p - 15 = 0. Calculate the remainder when 55 is divided by p.
10
Let z(a) = a**3 - 4*a**2 + 4*a - 5. Calculate the remainder when z(6) is divided by 23.
22
Let x = 24 - 13. Calculate the remainder when 20 is divided by (-2 - -3)/1*x.
9
Let h be (-15)/(-5) + (0 - -1). Suppose 5*d - 30 = -3*i - 6, 0 = h*i - 12. What is the remainder when 9 is divided by d?
0
Let h(a) = 3*a**2 - 3*a - 8. Let q be h(7). Suppose q = 4*p - 162. Calculate the remainder when p is divided by 24.
22
Let c = 14 - 4. Calculate the remainder when ((-62)/c)/(15/(-75)) is divided by 16.
15
Suppose -3*c + 37 = -14. Let y = c - 9. Calculate the remainder when y is divided by 3.
2
Let r = 20 - 12. Calculate the remainder when 14 is divided by r.
6
Suppose -37 = -2*v + 7. What is the remainder when v is divided by 6?
4
Suppose -2*k + 2*o + 172 = 0, -5*k + 6*k + 3*o = 98. Calculate the remainder when k is divided by 10.
9
What is the remainder when 23 is divided by (-3)/(-2 + 6/4)?
5
Calculate the remainder when 8*35/50 + (-3)/5 is divided by 4.
1
Let r(z) = -z**3 + 9*z**2 + 13*z - 7. What is the remainder when r(10) is divided by 6?
5
Let t = -41 + 23. Let x = t + 26. What is the remainder when ((-16)/12)/((-2)/33) is divided by x?
6
Suppose 5*h - 10 = -0*h. Calculate the remainder when 10 is divided by h.
0
What is the remainder when 29 is divided by (-14)/(-7)*(-1 - -5)?
5
Let t(y) = y**3 - 2*y**2 + 2. Let l be t(2). Suppose 0 = -l*f + 3*f - 4. Suppose 12 = f*o - 8. Calculate the remainder when 14 is divided by o.
4
Suppose -5*o = 5*g - 1513 - 812, 5*o + 4*g - 2326 = 0. Suppose o - 162 = 2*x. Suppose x = -0*c + 4*c. Calculate the remainder when c is divided by 13.
12
Suppose 0 = 5*z - 5 - 20. What is the remainder when 13 is divided by z?
3
Let q = 17 + -32. Let h be (-5 + 2)/(-1) + q. Let p(r) = r**3 + 11*r**2 - 13*r - 3. Calculate the remainder when 17 is divided by p(h).
8
Let f(b) = b**3 + 18*b**2 + 31*b + 24. What is the remainder when 77 is divided by f(-16)?
37
Let i(u) = -18*u + 1. Calculate the remainder when 70 is divided by i(-1).
13
Suppose b - 61 = -2*w, -2*w + 4*b + b = -79. Calculate the remainder when w is divided by 13.
6
Let n = 102 + -91. Let k(t) = -7*t**3 + t + 1. What is the remainder when n is divided by k(-1)?
4
Let y(z) = z**2 - 12*z + 11. Let l be y(8). Let t = 56 + l. What is the remainder when t is divided by 12?
11
Let n(u) = -u + 11. Let f be n(9). Suppose -5*k = -z - 49, 2*z + 2 = f*k - 16. Calculate the remainder when 29 is divided by k.
9
Suppose r + 3*r + 32 = 0. Let z be ((-9)/(-6))/((-4)/r). Suppose z*h - 22 = h. What is the remainder when 31 is divided by h?
9
Let b be 3/(-3 + 18/4). Suppose b*r + 171 = 3*h, -r + 4*r = -5*h + 285. Calculate the remainder when h is divided by 15.
12
Let j = 11 + -1. Let t(i) = -5*i**2 + 8*i - 7. Let a(r) = -9*r**2 + 15*r - 14. Let f(g) = -4*a(g) + 7*t(g). What is the remainder when f(7) is divided by j?
8
Let s(g) = g + 1. Let t(y) = -2*y - 14. What is the remainder when t(-8) is divided by s(1)?
0
Suppose -13 = -2*q + 5*b, 18 - 46 = -3*q - b. Suppose q*x - 5*x - 44 = 0. Calculate the remainder when 41 is divided by x.
8
Suppose -6*m + 1383 - 279 = 0. What is the remainder when m is divided by 37?
36
Suppose 0 = c - 5*q - 25 - 9, -25 = -5*c - 4*q. What is the remainder when c is divided by 2?
1
Suppose 0*a + 12 = 3*a. Let j = 13 + a. Calculate the remainder when 32 is divided by j.
15
Suppose -8 = -s + 3*d - d, 51 = 5*s + d. Calculate the remainder when (32/(-8))/((-2)/s) is divided by 11.
9
Suppose 0 = -9*v + 4*v. Suppose 3*g - 8 - 40 = v. Calculate the remainder when 61 is divided by g.
13
Let x be 6/10 - (-2)/5. What is the remainder when 39/2 + x/2 is divided by 7?
6
Suppose 57 = 3*q - 18. Calculate the remainder when q is divided by 14.
11
Calculate the remainder when 26 is divided by -3 + (-15)/(-6) + (-15)/(-2).
5
Let k(c) = -c**3 + 5. Let z be k(0). Suppose a - z*s = -12, 5*a - 5*s = a + 27. Calculate the remainder when 346/14 - 4/(-14) is divided by a.
12
Suppose -3*y = -15, 4*o - 3*y + 33 = 2*o. Let a = 12 + o. What is the remainder when 9 is divided by a?
0
Let g(f) = 14*f**2 - f + 2. What is the remainder when g(1) is divided by 8?
7
Let k be (-485)/(-20) - 9/(-12). Let j = 47 - k. What is the remainder when j is divided by 12?
10
Let k = 44 + -43. What is the remainder when k is divided by 1?
0
Suppose -11*i + 676 = -72. What is the remainder when 135 is divided by i?
67
Let l = 30 - 22. What is the remainder when 22 is divided by l?
6
Let g(q) = q**3 - 7*q**2 + 3*q - 11. Let b = 53 - 34. What is the remainder when b is divided by g(7)?
9
Let z = -2 + 19. What is the remainder when z is divided by 9?
8
Suppose 18*l + 54 = 21*l. What is the remainder when l is divided by 10?
8
Suppose 3*o + o + 26 = 3*j, 15 = -3*o. Calculate the remainder when 4 is divided by j.
0
Let g(s) = s**2 + 10*s + 2. Let i be g(-10). Calculate the remainder when 28 is divided by i/8*6*10.
13
Suppose 5*s = 3*u - 191 + 72, -5*s + 145 = 5*u. Let o(p) = p - 5. Let l be o(0). Let t(z) = z**2 + 2*z - 6. What is the remainder when u is divided by t(l)?
6
Let j = -21 + -7. Let x = j - -48. Let k = 125 - 67. What is the remainder when k is divided by x?
18
Let n = 146 - 43. Suppose -4*g + 0*g - 3*u = -n, -g + 2*u + 23 = 0. What is the remainder when g is divided by 14?
11
Let m = 27 - 46. Let y = -1 - m. Let r(c) = 51*c**3 + 2*c**2 - 1. Calculate the remainder when r(1) is divided by y.
16
What is the remainder when -1 - 1/(4/(-80)) is divided by 7?
5
Suppose -23 = -5*t + 4*t + j, 2*t - 5*j - 58 = 0. What is the remainder when t is divided by 9?
1
Let o(f) be the second derivative of f**4/4 + f**3/3 - f**2/2 - f. Let j be (-2)/9 + (-96)/54. What is the remainder when 19 is divided by o(j)?
5
Let h(o) = -6*o**2 + 7*o - 3. Let b(r) = r**2 - r + 1. Let u(s) = -3*b(s) - h(s). Calculate the remainder when u(3) is divided by 9.
6
Let t(i) = i**3 + 5*i**2 + 2*i + 3. Suppose 9 = -w + 68. Suppose -4*g - 3*f = -0*g - 125, 5*f - w = -2*g. Calculate the remainder when g is divided by t(-4).
10
Let w = 21 + -6. What is the remainder when w is divided by 4?
3
Let y = 2 - -25. What is the remainder when y is divided by 14?
13
Suppose -3*q + 142 = 40. Suppose -4*i - g = -44, -5*i + 72 = -4*g + g. Calculate the remainder when q is divided by i.
10
Let d = 32 - 10. What is the remainder when d is divided by 5?
2
Let l(k) = k**2 + 7*k - 6. Let t be l(-8). Suppose 5*x - 251 = t*a, a + 90 = 2*x - 11. What is the remainder when x is divided by 17?
15
Suppose 4*x = -2*v + 22, 0 = -5*x + 2*v + 2*v + 47. Suppose 2*g - 35 = -3*s, -2*s = 5*g - 4*s - 97. What is the remainder when g is divided by x?
5
Calculate the remainder when 87 is divided by 7/(-63)*-6 + (-25)/(-3).
6
Let f be 4*(1 - 1/4). Suppose 4*p + 3*d = 31 + 26, 69 = 5*p + f*d. Suppose -12 = -q + p. What is the remainder when 70 is divided by q?
22
Let a(j) = j**2 - 4*j - 10. Calculate the remainder when 42 is divided by a(7).
9
Suppose 6 + 46 = 4*s. Suppose -b + 2*q = q - s, 5*q = -4*b + 16. Calculate the remainder when 16 is divided by b.
7
Let n = 57 - 16. Calculate the remainder when n is divided by 11.
8
Suppose -36 = -107*h + 103*h. Suppose 3*x = -x + 60. What is the remainder when x is divided by h?
6
Suppose 10 = -l - 3*m, -1 = l + 2*m + 5. Suppose 96 = l*j + 2. Calculate the remainder when j is divided by 16.
15
Suppose -2*k - 2*k = m - 10, -60 = -3*m - 2*k. What is the remainder when 42 is divided by m?
20
Let d(i) = -i + 20. Calculate the remainder when 1/5 - (-199)/5 is divided by d(6).
12
Let h(v) = -2*v + 10. Suppose -4*j + 7*j = -24. What is the remainder when h(j) is divided by 14?
12
Suppose -5*i + s + 109 = 0, 5*i = 3*